{"id":84,"date":"2016-01-12T11:07:19","date_gmt":"2016-01-12T09:07:19","guid":{"rendered":"http:\/\/www.le-coq.net\/energetix\/?page_id=84"},"modified":"2016-02-17T11:45:27","modified_gmt":"2016-02-17T09:45:27","slug":"la-societe","status":"publish","type":"page","link":"https:\/\/www.le-coq.net\/energetix\/la-societe\/","title":{"rendered":""},"content":{"rendered":"<div id=\"pl-84\"  class=\"panel-layout\" ><div id=\"pg-84-0\"  class=\"panel-grid panel-no-style\" ><div id=\"pgc-84-0-0\"  class=\"panel-grid-cell\" ><div id=\"panel-84-0-0-0\" class=\"so-panel widget widget_sow-editor panel-first-child panel-last-child\" data-index=\"0\" ><div class=\"panel-widget-style panel-widget-style-for-84-0-0-0\" ><div\n\t\t\t\n\t\t\tclass=\"so-widget-sow-editor so-widget-sow-editor-base\"\n\t\t\t\n\t\t>\n<div class=\"siteorigin-widget-tinymce textwidget\">\n\t<p><img decoding=\"async\" loading=\"lazy\" src=\"http:\/\/www.le-coq.net\/energetix\/wp-content\/uploads\/2016\/01\/carte_bingen-1-254x300.png\" alt=\"\" width=\"254\" height=\"300\" \/><\/p>\n<\/div>\n<\/div><\/div><\/div><\/div><div id=\"pgc-84-0-1\"  class=\"panel-grid-cell\" ><div id=\"panel-84-0-1-0\" class=\"so-panel widget widget_sow-editor panel-first-child panel-last-child\" data-index=\"1\" ><div class=\"panel-widget-style panel-widget-style-for-84-0-1-0\" ><div\n\t\t\t\n\t\t\tclass=\"so-widget-sow-editor so-widget-sow-editor-base\"\n\t\t\t\n\t\t>\n<div class=\"siteorigin-widget-tinymce textwidget\">\n\t<p><span style=\"font-family: Verdana; font-size: 14px; font-weight: normal; color: #000000; height: 50px; line-height: 50px;\">Les bijoux et produits Energetix sont fabriqu\u00e9s en Allemagne par une entreprise allemande auto-financ\u00e9e cr\u00e9\u00e9e en 2002.<br \/>Elle se situe \u00e0 Bingen sur les bords du Rhin romantique entre Mayence et Cologne, proche de la fronti\u00e8re fran\u00e7aise \u00e0 2 heures de Strasbourg.<\/span><\/p>\n<\/div>\n<\/div><\/div><\/div><\/div><\/div><div id=\"pg-84-1\"  class=\"panel-grid panel-no-style\" ><div id=\"pgc-84-1-0\"  class=\"panel-grid-cell\" ><div id=\"panel-84-1-0-0\" class=\"so-panel widget widget_sow-editor panel-first-child panel-last-child\" data-index=\"2\" ><div class=\"panel-widget-style panel-widget-style-for-84-1-0-0\" ><div\n\t\t\t\n\t\t\tclass=\"so-widget-sow-editor so-widget-sow-editor-base\"\n\t\t\t\n\t\t>\n<div class=\"siteorigin-widget-tinymce textwidget\">\n\t<p><span style=\"font-family: Verdana; font-size: 14px; font-weight: normal; color: #000000; height: 50px; line-height: 50px;\">Leader en Europe des produits magn\u00e9tiques et pr\u00e9sente dans plus de 32 pays dans le monde, elle appartient \u00e0 la f\u00e9d\u00e9ration de la vente directe.<br \/>\n<br \/>L'entreprise fabrique et commercialise une ligne compl\u00e8te de produits magn\u00e9tiques.<\/span><\/p>\n<\/div>\n<\/div><\/div><\/div><\/div><div id=\"pgc-84-1-1\"  class=\"panel-grid-cell\" ><div id=\"panel-84-1-1-0\" class=\"so-panel widget widget_sow-editor panel-first-child panel-last-child\" data-index=\"3\" ><div class=\"panel-widget-style panel-widget-style-for-84-1-1-0\" ><div\n\t\t\t\n\t\t\tclass=\"so-widget-sow-editor so-widget-sow-editor-base\"\n\t\t\t\n\t\t>\n<div class=\"siteorigin-widget-tinymce textwidget\">\n\t<p><img decoding=\"async\" loading=\"lazy\" src=\"http:\/\/www.le-coq.net\/energetix\/wp-content\/uploads\/2016\/01\/carte_monde-300x209.jpg\" alt=\"\" width=\"300\" height=\"209\" \/><\/p>\n<\/div>\n<\/div><\/div><\/div><\/div><\/div><div id=\"pg-84-2\"  class=\"panel-grid panel-no-style\" ><div id=\"pgc-84-2-0\"  class=\"panel-grid-cell\" ><div id=\"panel-84-2-0-0\" class=\"so-panel widget widget_sow-editor panel-first-child panel-last-child\" data-index=\"4\" ><div class=\"panel-widget-style panel-widget-style-for-84-2-0-0\" ><div\n\t\t\t\n\t\t\tclass=\"so-widget-sow-editor so-widget-sow-editor-base\"\n\t\t\t\n\t\t>\n<div class=\"siteorigin-widget-tinymce textwidget\">\n\t<p><img decoding=\"async\" loading=\"lazy\" src=\"http:\/\/www.le-coq.net\/energetix\/wp-content\/uploads\/2016\/01\/grenouille_energetix_bis.png\" alt=\"grenouille_energetix_bis\" width=\"218\" height=\"225\" \/><\/p>\n<\/div>\n<\/div><\/div><\/div><\/div><div id=\"pgc-84-2-1\"  class=\"panel-grid-cell\" ><div id=\"panel-84-2-1-0\" class=\"so-panel widget widget_sow-editor panel-first-child panel-last-child\" data-index=\"5\" ><div class=\"panel-widget-style panel-widget-style-for-84-2-1-0\" ><div\n\t\t\t\n\t\t\tclass=\"so-widget-sow-editor so-widget-sow-editor-base\"\n\t\t\t\n\t\t>\n<div class=\"siteorigin-widget-tinymce textwidget\">\n\t<p><span style=\"font-family: Verdana; font-size: 14px; font-weight: normal; color: #000000; height: 50px; line-height: 50px;\">Le symbole repr\u00e9sentant la soci\u00e9t\u00e9 est la grenouille car, en Asie, elle est signe de prosp\u00e9rit\u00e9 et aussi suite \u00e0 une exp\u00e9rience faite avec des aimants sur une grenouille, cette derni\u00e8re a tr\u00e8s bien r\u00e9agi.<\/span><\/p>\n<\/div>\n<\/div><\/div><\/div><\/div><\/div><div id=\"pg-84-3\"  class=\"panel-grid panel-no-style\" ><div id=\"pgc-84-3-0\"  class=\"panel-grid-cell\" ><div id=\"panel-84-3-0-0\" class=\"so-panel widget widget_sow-editor panel-first-child panel-last-child\" data-index=\"6\" ><div\n\t\t\t\n\t\t\tclass=\"so-widget-sow-editor so-widget-sow-editor-base\"\n\t\t\t\n\t\t>\n<div class=\"siteorigin-widget-tinymce textwidget\">\n\t<p><img decoding=\"async\" loading=\"lazy\" src=\"http:\/\/www.le-coq.net\/energetix\/wp-content\/uploads\/2016\/01\/560px-Bingen_StMartin_basilica_Burg_Klopp-300x225.jpg\" alt=\"\" width=\"300\" height=\"225\" \/><\/p>\n<\/div>\n<\/div><\/div><\/div><div id=\"pgc-84-3-1\"  class=\"panel-grid-cell\" ><div id=\"panel-84-3-1-0\" class=\"so-panel widget widget_sow-editor panel-first-child panel-last-child\" data-index=\"7\" ><div\n\t\t\t\n\t\t\tclass=\"so-widget-sow-editor so-widget-sow-editor-base\"\n\t\t\t\n\t\t>\n<div class=\"siteorigin-widget-tinymce textwidget\">\n\t<p><img decoding=\"async\" loading=\"lazy\" src=\"http:\/\/www.le-coq.net\/energetix\/wp-content\/uploads\/2016\/01\/burg-klopp-300x200.jpg\" alt=\"\" width=\"300\" height=\"200\" \/><\/p>\n<\/div>\n<\/div><\/div><\/div><div id=\"pgc-84-3-2\"  class=\"panel-grid-cell\" ><div id=\"panel-84-3-2-0\" class=\"so-panel widget widget_sow-editor panel-first-child panel-last-child\" data-index=\"8\" ><div\n\t\t\t\n\t\t\tclass=\"so-widget-sow-editor so-widget-sow-editor-base\"\n\t\t\t\n\t\t>\n<div class=\"siteorigin-widget-tinymce textwidget\">\n\t<p><img decoding=\"async\" loading=\"lazy\" src=\"http:\/\/www.le-coq.net\/energetix\/wp-content\/uploads\/2016\/01\/600px-Bingen_BurgKlopp-300x225.jpg\" alt=\"\" width=\"300\" height=\"225\" \/><\/p>\n<\/div>\n<\/div><\/div><\/div><\/div><\/div>","protected":false},"excerpt":{"rendered":"<p>Les bijoux et produits Energetix sont fabriqu\u00e9s en Allemagne par une entreprise allemande auto-financ\u00e9e cr\u00e9\u00e9e en 2002.Elle se situe \u00e0 Bingen sur les bords du Rhin romantique entre Mayence et Cologne, proche de la fronti\u00e8re fran\u00e7aise \u00e0 2 heures de Strasbourg. Leader en Europe des produits magn\u00e9tiques et pr\u00e9sente dans plus de 32 pays dans &hellip; <a href=\"https:\/\/www.le-coq.net\/energetix\/la-societe\/\" class=\"more-link\">Continuer la lecture de <span class=\"screen-reader-text\"><\/span> <span class=\"meta-nav\">&rarr;<\/span><\/a><\/p>\n","protected":false},"author":1,"featured_media":0,"parent":0,"menu_order":0,"comment_status":"closed","ping_status":"closed","template":"","meta":[],"acf":[],"yoast_head":"<!-- This site is optimized with the Yoast SEO plugin v20.5 - https:\/\/yoast.com\/wordpress\/plugins\/seo\/ -->\n<title>La soci\u00e9t\u00e9\u00a0- Energetix<\/title>\n<meta name=\"description\" content=\"Energetix Bien-\u00eatre Bijoux Aimants\" \/>\n<meta name=\"robots\" content=\"index, follow, max-snippet:-1, max-image-preview:large, max-video-preview:-1\" \/>\n<link rel=\"canonical\" href=\"https:\/\/www.le-coq.net\/energetix\/la-societe\/\" \/>\n<meta property=\"og:locale\" content=\"fr_FR\" \/>\n<meta property=\"og:type\" content=\"article\" \/>\n<meta property=\"og:title\" content=\"La soci\u00e9t\u00e9\u00a0- Energetix\" \/>\n<meta property=\"og:description\" content=\"Energetix Bien-\u00eatre Bijoux Aimants\" \/>\n<meta property=\"og:url\" content=\"https:\/\/www.le-coq.net\/energetix\/la-societe\/\" \/>\n<meta property=\"og:site_name\" content=\"Energetix\" \/>\n<meta property=\"article:publisher\" content=\"http:\/\/veronic20le20coq\" \/>\n<meta property=\"article:modified_time\" content=\"2016-02-17T09:45:27+00:00\" \/>\n<meta property=\"og:image\" content=\"http:\/\/www.le-coq.net\/energetix\/wp-content\/uploads\/2016\/01\/carte_bingen-1-254x300.png\" \/>\n<meta name=\"twitter:card\" content=\"summary_large_image\" \/>\n<meta name=\"twitter:site\" content=\"@Veronic_LE_COQ\" \/>\n<meta name=\"twitter:label1\" content=\"Dur\u00e9e de lecture estim\u00e9e\" \/>\n\t<meta name=\"twitter:data1\" content=\"1 minute\" \/>\n<script type=\"application\/ld+json\" class=\"yoast-schema-graph\">{\"@context\":\"https:\/\/schema.org\",\"@graph\":[{\"@type\":\"WebPage\",\"@id\":\"https:\/\/www.le-coq.net\/energetix\/la-societe\/\",\"url\":\"https:\/\/www.le-coq.net\/energetix\/la-societe\/\",\"name\":\"La soci\u00e9t\u00e9\u00a0- Energetix\",\"isPartOf\":{\"@id\":\"https:\/\/www.le-coq.net\/energetix\/#website\"},\"datePublished\":\"2016-01-12T09:07:19+00:00\",\"dateModified\":\"2016-02-17T09:45:27+00:00\",\"description\":\"Energetix Bien-\u00eatre Bijoux Aimants\",\"inLanguage\":\"fr-FR\",\"potentialAction\":[{\"@type\":\"ReadAction\",\"target\":[\"https:\/\/www.le-coq.net\/energetix\/la-societe\/\"]}]},{\"@type\":\"WebSite\",\"@id\":\"https:\/\/www.le-coq.net\/energetix\/#website\",\"url\":\"https:\/\/www.le-coq.net\/energetix\/\",\"name\":\"Energetix\",\"description\":\"La magie du BIEN-ETRE\",\"potentialAction\":[{\"@type\":\"SearchAction\",\"target\":{\"@type\":\"EntryPoint\",\"urlTemplate\":\"https:\/\/www.le-coq.net\/energetix\/?s={search_term_string}\"},\"query-input\":\"required name=search_term_string\"}],\"inLanguage\":\"fr-FR\"}]}<\/script>\n<!-- \/ Yoast SEO plugin. -->","yoast_head_json":{"title":"La soci\u00e9t\u00e9\u00a0- Energetix","description":"Energetix Bien-\u00eatre Bijoux Aimants","robots":{"index":"index","follow":"follow","max-snippet":"max-snippet:-1","max-image-preview":"max-image-preview:large","max-video-preview":"max-video-preview:-1"},"canonical":"https:\/\/www.le-coq.net\/energetix\/la-societe\/","og_locale":"fr_FR","og_type":"article","og_title":"La soci\u00e9t\u00e9\u00a0- Energetix","og_description":"Energetix Bien-\u00eatre Bijoux Aimants","og_url":"https:\/\/www.le-coq.net\/energetix\/la-societe\/","og_site_name":"Energetix","article_publisher":"http:\/\/veronic20le20coq","article_modified_time":"2016-02-17T09:45:27+00:00","og_image":[{"url":"http:\/\/www.le-coq.net\/energetix\/wp-content\/uploads\/2016\/01\/carte_bingen-1-254x300.png"}],"twitter_card":"summary_large_image","twitter_site":"@Veronic_LE_COQ","twitter_misc":{"Dur\u00e9e de lecture estim\u00e9e":"1 minute"},"schema":{"@context":"https:\/\/schema.org","@graph":[{"@type":"WebPage","@id":"https:\/\/www.le-coq.net\/energetix\/la-societe\/","url":"https:\/\/www.le-coq.net\/energetix\/la-societe\/","name":"La soci\u00e9t\u00e9\u00a0- Energetix","isPartOf":{"@id":"https:\/\/www.le-coq.net\/energetix\/#website"},"datePublished":"2016-01-12T09:07:19+00:00","dateModified":"2016-02-17T09:45:27+00:00","description":"Energetix Bien-\u00eatre Bijoux Aimants","inLanguage":"fr-FR","potentialAction":[{"@type":"ReadAction","target":["https:\/\/www.le-coq.net\/energetix\/la-societe\/"]}]},{"@type":"WebSite","@id":"https:\/\/www.le-coq.net\/energetix\/#website","url":"https:\/\/www.le-coq.net\/energetix\/","name":"Energetix","description":"La magie du BIEN-ETRE","potentialAction":[{"@type":"SearchAction","target":{"@type":"EntryPoint","urlTemplate":"https:\/\/www.le-coq.net\/energetix\/?s={search_term_string}"},"query-input":"required name=search_term_string"}],"inLanguage":"fr-FR"}]}},"_links":{"self":[{"href":"https:\/\/www.le-coq.net\/energetix\/wp-json\/wp\/v2\/pages\/84"}],"collection":[{"href":"https:\/\/www.le-coq.net\/energetix\/wp-json\/wp\/v2\/pages"}],"about":[{"href":"https:\/\/www.le-coq.net\/energetix\/wp-json\/wp\/v2\/types\/page"}],"author":[{"embeddable":true,"href":"https:\/\/www.le-coq.net\/energetix\/wp-json\/wp\/v2\/users\/1"}],"replies":[{"embeddable":true,"href":"https:\/\/www.le-coq.net\/energetix\/wp-json\/wp\/v2\/comments?post=84"}],"version-history":[{"count":22,"href":"https:\/\/www.le-coq.net\/energetix\/wp-json\/wp\/v2\/pages\/84\/revisions"}],"predecessor-version":[{"id":312,"href":"https:\/\/www.le-coq.net\/energetix\/wp-json\/wp\/v2\/pages\/84\/revisions\/312"}],"wp:attachment":[{"href":"https:\/\/www.le-coq.net\/energetix\/wp-json\/wp\/v2\/media?parent=84"}],"curies":[{"name":"wp","href":"https:\/\/api.w.org\/{rel}","templated":true}]}}