{"id":105,"date":"2016-01-12T12:35:41","date_gmt":"2016-01-12T10:35:41","guid":{"rendered":"http:\/\/www.le-coq.net\/energetix\/?page_id=105"},"modified":"2016-02-16T10:08:27","modified_gmt":"2016-02-16T08:08:27","slug":"le-produit","status":"publish","type":"page","link":"https:\/\/www.le-coq.net\/energetix\/le-produit\/","title":{"rendered":"Le produit"},"content":{"rendered":"<div id=\"pl-105\"  class=\"panel-layout\" ><div id=\"pg-105-0\"  class=\"panel-grid panel-no-style\" ><div id=\"pgc-105-0-0\"  class=\"panel-grid-cell\" ><div id=\"panel-105-0-0-0\" class=\"so-panel widget widget_sow-editor panel-first-child panel-last-child\" data-index=\"0\" ><div\n\t\t\t\n\t\t\tclass=\"so-widget-sow-editor so-widget-sow-editor-base\"\n\t\t\t\n\t\t>\n<div class=\"siteorigin-widget-tinymce textwidget\">\n\t<p><span style=\"font-family: Verdana; font-size: 14px; font-weight: normal; color: #000000; height: 50px; line-height: 50px;\">Chaque bijou poss\u00e8de 2 aimants de 0,12 ou 0,18 ou 0,22 Tesla.<br \/>Les Tesla indiquent les lignes de forces magn\u00e9tiques qui traversent un cm\u00b2.<br \/>1 Tesla est \u00e9gal \u00e0 1000 Gauss.<\/span><\/p>\n<\/div>\n<\/div><\/div><\/div><div id=\"pgc-105-0-1\"  class=\"panel-grid-cell\" ><div id=\"panel-105-0-1-0\" class=\"so-panel widget widget_sow-editor panel-first-child panel-last-child\" data-index=\"1\" ><div\n\t\t\t\n\t\t\tclass=\"so-widget-sow-editor so-widget-sow-editor-base\"\n\t\t\t\n\t\t>\n<div class=\"siteorigin-widget-tinymce textwidget\">\n\t<p><img decoding=\"async\" loading=\"lazy\" src=\"http:\/\/www.le-coq.net\/energetix\/wp-content\/uploads\/2016\/01\/aimant_1.png\" alt=\"aimant_1\" width=\"264\" height=\"191\" \/><\/p>\n<\/div>\n<\/div><\/div><\/div><\/div><div id=\"pg-105-1\"  class=\"panel-grid panel-no-style\" ><div id=\"pgc-105-1-0\"  class=\"panel-grid-cell\" ><div id=\"panel-105-1-0-0\" class=\"so-panel widget widget_sow-editor panel-first-child panel-last-child\" data-index=\"2\" ><div\n\t\t\t\n\t\t\tclass=\"so-widget-sow-editor so-widget-sow-editor-base\"\n\t\t\t\n\t\t>\n<div class=\"siteorigin-widget-tinymce textwidget\">\n\t<p><img decoding=\"async\" loading=\"lazy\" src=\"http:\/\/www.le-coq.net\/energetix\/wp-content\/uploads\/2016\/01\/neodyme.jpg\" alt=\"neodyme\" width=\"225\" height=\"225\" \/><\/p>\n<\/div>\n<\/div><\/div><\/div><div id=\"pgc-105-1-1\"  class=\"panel-grid-cell\" ><div id=\"panel-105-1-1-0\" class=\"so-panel widget widget_sow-editor panel-first-child panel-last-child\" data-index=\"3\" ><div\n\t\t\t\n\t\t\tclass=\"so-widget-sow-editor so-widget-sow-editor-base\"\n\t\t\t\n\t\t>\n<div class=\"siteorigin-widget-tinymce textwidget\">\n\t<p><span style=\"font-family: Verdana; font-size: 14px; font-weight: normal; color: #000000; height: 50px; line-height: 50px;\">Ce sont des aimants n\u00e9odymes qui ne se d\u00e9chargent pas, ils sont fabriqu\u00e9s industriellement et ils sont permanents, ils ne perdent que 1 % de leur puissance en 1 si\u00e8cle et n'ont surtout pas besoin d'\u00eatre recharg\u00e9s.<br \/>Certains bijoux, en plus des aimants, comportent du cuivre. Le cuivre est un oligo-\u00e9l\u00e9ment naturel, c'est un antalgique (il calme la douleur) et un anti-bact\u00e9rien, anti-microbien, il va agir comme un patch.<\/span><\/p>\n<\/div>\n<\/div><\/div><\/div><\/div><div id=\"pg-105-2\"  class=\"panel-grid panel-no-style\" ><div id=\"pgc-105-2-0\"  class=\"panel-grid-cell\" ><div id=\"panel-105-2-0-0\" class=\"so-panel widget widget_sow-editor panel-first-child panel-last-child\" data-index=\"4\" ><div\n\t\t\t\n\t\t\tclass=\"so-widget-sow-editor so-widget-sow-editor-base\"\n\t\t\t\n\t\t>\n<div class=\"siteorigin-widget-tinymce textwidget\">\n\t<p><span style=\"font-family: Verdana; font-size: 14px; font-weight: normal; color: #000000; height: 50px; line-height: 50px;\">Les bijoux ont un design exclusif, ils sont hypoallergiques en acier massif inoxydable surfin, les pierres sont g\u00e9n\u00e9ralement des cristaux de Swaroski ou Zircons, les perles peuvent \u00eatre d'eau douce, de culture ou d'imitation. Les bijoux rhodi\u00e9s sont dor\u00e9s \u00e0 l'or fin.<br \/>Ils sont garantis 2 ans, l'\u00e9change est possible dans les 14 jours sauf pour les semelles, les boucles d'oreilles et le Magnet-bandage par mesure d'hygi\u00e8ne.<\/span><\/p>\n<\/div>\n<\/div><\/div><\/div><div id=\"pgc-105-2-1\"  class=\"panel-grid-cell\" ><div id=\"panel-105-2-1-0\" class=\"so-panel widget widget_sow-editor panel-first-child panel-last-child\" data-index=\"5\" ><div\n\t\t\t\n\t\t\tclass=\"so-widget-sow-editor so-widget-sow-editor-base\"\n\t\t\t\n\t\t>\n<div class=\"siteorigin-widget-tinymce textwidget\">\n\t<p><img decoding=\"async\" loading=\"lazy\" src=\"http:\/\/www.le-coq.net\/energetix\/wp-content\/uploads\/2016\/01\/swaroski.jpg\" alt=\"swaroski\" width=\"286\" height=\"176\" \/><\/p>\n<\/div>\n<\/div><\/div><\/div><\/div><div id=\"pg-105-3\"  class=\"panel-grid panel-no-style\" ><div id=\"pgc-105-3-0\"  class=\"panel-grid-cell\" ><div id=\"panel-105-3-0-0\" class=\"so-panel widget widget_sow-editor panel-first-child panel-last-child\" data-index=\"6\" ><div\n\t\t\t\n\t\t\tclass=\"so-widget-sow-editor so-widget-sow-editor-base\"\n\t\t\t\n\t\t>\n<div class=\"siteorigin-widget-tinymce textwidget\">\n\t<p><img decoding=\"async\" loading=\"lazy\" src=\"http:\/\/www.le-coq.net\/energetix\/wp-content\/uploads\/2016\/01\/vente_directe.jpg\" alt=\"vente_directe\" width=\"275\" height=\"183\" \/><\/p>\n<\/div>\n<\/div><\/div><\/div><div id=\"pgc-105-3-1\"  class=\"panel-grid-cell\" ><div id=\"panel-105-3-1-0\" class=\"so-panel widget widget_sow-editor panel-first-child panel-last-child\" data-index=\"7\" ><div\n\t\t\t\n\t\t\tclass=\"so-widget-sow-editor so-widget-sow-editor-base\"\n\t\t\t\n\t\t>\n<div class=\"siteorigin-widget-tinymce textwidget\">\n\t<p><span style=\"font-family: Verdana; font-size: 14px; font-weight: normal; color: #000000; height: 50px; line-height: 50px;\">Ce sont des produits exclusifs, uniquement accessibles en vente directe.<br \/>La vente directe est caract\u00e9ris\u00e9e par la pr\u00e9sence physique effectu\u00e9e d'un distributeur et d'un consommateur hors magasin. Elle est bas\u00e9e sur la convivialit\u00e9, une relation de confiance qui se cr\u00e9e entre le distributeur et le client.<\/span><\/p>\n<\/div>\n<\/div><\/div><\/div><div id=\"pgc-105-3-2\"  class=\"panel-grid-cell\" ><div id=\"panel-105-3-2-0\" class=\"so-panel widget widget_sow-editor panel-first-child panel-last-child\" data-index=\"8\" ><div\n\t\t\t\n\t\t\tclass=\"so-widget-sow-editor so-widget-sow-editor-base\"\n\t\t\t\n\t\t>\n<div class=\"siteorigin-widget-tinymce textwidget\">\n\t<p><img decoding=\"async\" loading=\"lazy\" src=\"http:\/\/www.le-coq.net\/energetix\/wp-content\/uploads\/2016\/01\/vente_directe_1.jpg\" alt=\"vente_directe_1\" width=\"287\" height=\"176\" \/><\/p>\n<\/div>\n<\/div><\/div><\/div><\/div><div id=\"pg-105-4\"  class=\"panel-grid panel-no-style\" ><div id=\"pgc-105-4-0\"  class=\"panel-grid-cell\" ><div id=\"panel-105-4-0-0\" class=\"so-panel widget widget_sow-editor panel-first-child panel-last-child\" data-index=\"9\" ><div\n\t\t\t\n\t\t\tclass=\"so-widget-sow-editor so-widget-sow-editor-base\"\n\t\t\t\n\t\t>\n<div class=\"siteorigin-widget-tinymce textwidget\">\n\t<p><img decoding=\"async\" loading=\"lazy\" src=\"http:\/\/www.le-coq.net\/energetix\/wp-content\/uploads\/2016\/01\/douleurs_articulaires.jpg\" alt=\"douleurs_articulaires\" width=\"190\" height=\"265\" \/><\/p>\n<\/div>\n<\/div><\/div><\/div><div id=\"pgc-105-4-1\"  class=\"panel-grid-cell\" ><div id=\"panel-105-4-1-0\" class=\"so-panel widget widget_sow-editor panel-first-child panel-last-child\" data-index=\"10\" ><div\n\t\t\t\n\t\t\tclass=\"so-widget-sow-editor so-widget-sow-editor-base\"\n\t\t\t\n\t\t>\n<div class=\"siteorigin-widget-tinymce textwidget\">\n\t<p><span style=\"font-family: Verdana; font-size: 14px; font-weight: normal; color: #000000; height: 50px; line-height: 50px;\">Plus de 9 millions de consommateurs utilisent le bienfait des aimants, \u00e0 titre exp\u00e9rimental pour soulager les douleurs articulaires.<br \/>Les personnes qui poss\u00e8dent un stimulateur cardiaque ou autre mat\u00e9riel m\u00e9dical \u00e9lectronique ne doivent pas porter des bijoux magn\u00e9tiques.<br \/>Le port est aussi d\u00e9conseill\u00e9 aux femmes enceintes par <\/span><span style=\"font-family: Verdana; font-size: 14px; font-weight: normal; color: #000000; height: 50px; line-height: 50px; text-decoration:underline;\">simple prinicipe de pr\u00e9caution.<\/span><\/p>\n<\/div>\n<\/div><\/div><\/div><\/div><div id=\"pg-105-5\"  class=\"panel-grid panel-no-style\" ><div id=\"pgc-105-5-0\"  class=\"panel-grid-cell\" ><div id=\"panel-105-5-0-0\" class=\"so-panel widget widget_sow-editor panel-first-child panel-last-child\" data-index=\"11\" ><div\n\t\t\t\n\t\t\tclass=\"so-widget-sow-editor so-widget-sow-editor-base\"\n\t\t\t\n\t\t>\n<div class=\"siteorigin-widget-tinymce textwidget\">\n\t<p><img decoding=\"async\" loading=\"lazy\" src=\"http:\/\/www.le-coq.net\/energetix\/wp-content\/uploads\/2016\/01\/catalogue_2.jpg\" alt=\"catalogue_2\" width=\"271\" height=\"186\" \/><\/p>\n<\/div>\n<\/div><\/div><\/div><div id=\"pgc-105-5-1\"  class=\"panel-grid-cell\" ><div id=\"panel-105-5-1-0\" class=\"so-panel widget widget_sow-editor panel-first-child panel-last-child\" data-index=\"12\" ><div\n\t\t\t\n\t\t\tclass=\"so-widget-sow-editor so-widget-sow-editor-base\"\n\t\t\t\n\t\t>\n<div class=\"siteorigin-widget-tinymce textwidget\">\n\t<p><span style=\"font-family: Verdana; font-size: 14px; font-weight: normal; color: #000000; height: 50px; line-height: 50px;\">C'est une collection qui convient aux femmes, aux hommes, aux enfants, aux ados et aux animaux.<br \/>Il y a un catalogue principal par an, plus des brochures cibl\u00e9es en cours d'ann\u00e9e.<\/span><\/p>\n<\/div>\n<\/div><\/div><\/div><div id=\"pgc-105-5-2\"  class=\"panel-grid-cell\" ><div id=\"panel-105-5-2-0\" class=\"so-panel widget widget_sow-editor panel-first-child panel-last-child\" data-index=\"13\" ><div\n\t\t\t\n\t\t\tclass=\"so-widget-sow-editor so-widget-sow-editor-base\"\n\t\t\t\n\t\t>\n<div class=\"siteorigin-widget-tinymce textwidget\">\n\t<p><img decoding=\"async\" loading=\"lazy\" src=\"http:\/\/www.le-coq.net\/energetix\/wp-content\/uploads\/2016\/01\/catalogue_1.jpg\" alt=\"catalogue_1\" width=\"224\" height=\"224\" \/><\/p>\n<\/div>\n<\/div><\/div><\/div><\/div><div id=\"pg-105-6\"  class=\"panel-grid panel-no-style\" ><div id=\"pgc-105-6-0\"  class=\"panel-grid-cell\" ><div id=\"panel-105-6-0-0\" class=\"so-panel widget widget_sow-editor panel-first-child panel-last-child\" data-index=\"14\" ><div class=\"panel-widget-style panel-widget-style-for-105-6-0-0\" ><div\n\t\t\t\n\t\t\tclass=\"so-widget-sow-editor so-widget-sow-editor-base\"\n\t\t\t\n\t\t>\n<div class=\"siteorigin-widget-tinymce textwidget\">\n\t<p><span style=\"font-family: Verdana; font-size: 14px; font-weight: normal; color: #000000; height: 10px; line-height: 10px;\">Ce sont des produits sp\u00e9cifiques pour le BIEN-ETRE avec des \u00e9l\u00e9ments phares :<\/span><\/p>\n<\/div>\n<\/div><\/div><\/div><\/div><\/div><div id=\"pg-105-7\"  class=\"panel-grid panel-no-style\" ><div id=\"pgc-105-7-0\"  class=\"panel-grid-cell\" ><div id=\"panel-105-7-0-0\" class=\"so-panel widget widget_sow-editor panel-first-child panel-last-child\" data-index=\"15\" ><div class=\"panel-widget-style panel-widget-style-for-105-7-0-0\" ><div\n\t\t\t\n\t\t\tclass=\"so-widget-sow-editor so-widget-sow-editor-base\"\n\t\t\t\n\t\t>\n<div class=\"siteorigin-widget-tinymce textwidget\">\n\t<p><span style=\"font-family: Verdana; font-size: 14px; font-weight: bold; color: #000000; height: 50px; line-height: 50px;\">Coeur magn\u00e9tique<\/span><\/p>\n<\/div>\n<\/div><\/div><\/div><\/div><div id=\"pgc-105-7-1\"  class=\"panel-grid-cell\" ><div id=\"panel-105-7-1-0\" class=\"so-panel widget widget_sow-editor panel-first-child panel-last-child\" data-index=\"16\" ><div class=\"panel-widget-style panel-widget-style-for-105-7-1-0\" ><div\n\t\t\t\n\t\t\tclass=\"so-widget-sow-editor so-widget-sow-editor-base\"\n\t\t\t\n\t\t>\n<div class=\"siteorigin-widget-tinymce textwidget\">\n\t<p><span style=\"font-family: Verdana; font-size: 14px; font-weight: bold; color: #000000; height: 50px; line-height: 50px;\">Stick \u00e0 eau<\/span><\/p>\n<\/div>\n<\/div><\/div><\/div><\/div><div id=\"pgc-105-7-2\"  class=\"panel-grid-cell\" ><div id=\"panel-105-7-2-0\" class=\"so-panel widget widget_sow-editor panel-first-child panel-last-child\" data-index=\"17\" ><div class=\"panel-widget-style panel-widget-style-for-105-7-2-0\" ><div\n\t\t\t\n\t\t\tclass=\"so-widget-sow-editor so-widget-sow-editor-base\"\n\t\t\t\n\t\t>\n<div class=\"siteorigin-widget-tinymce textwidget\">\n\t<p><span style=\"font-family: Verdana; font-size: 14px; font-weight: bold; color: #000000; height: 50px; line-height: 50px;\">Bracelet<\/span><\/p>\n<\/div>\n<\/div><\/div><\/div><\/div><div id=\"pgc-105-7-3\"  class=\"panel-grid-cell\" ><div id=\"panel-105-7-3-0\" class=\"so-panel widget widget_sow-editor panel-first-child panel-last-child\" data-index=\"18\" ><div class=\"panel-widget-style panel-widget-style-for-105-7-3-0\" ><div\n\t\t\t\n\t\t\tclass=\"so-widget-sow-editor so-widget-sow-editor-base\"\n\t\t\t\n\t\t>\n<div class=\"siteorigin-widget-tinymce textwidget\">\n\t<p><span style=\"font-family: Verdana; font-size: 14px; font-weight: bold; color: #000000; height: 50px; line-height: 50px;\">Semelles<\/span><\/p>\n<\/div>\n<\/div><\/div><\/div><\/div><\/div><div id=\"pg-105-8\"  class=\"panel-grid panel-no-style\" ><div id=\"pgc-105-8-0\"  class=\"panel-grid-cell\" ><div id=\"panel-105-8-0-0\" class=\"so-panel widget widget_sow-editor panel-first-child panel-last-child\" data-index=\"19\" ><div class=\"panel-widget-style panel-widget-style-for-105-8-0-0\" ><div\n\t\t\t\n\t\t\tclass=\"so-widget-sow-editor so-widget-sow-editor-base\"\n\t\t\t\n\t\t>\n<div class=\"siteorigin-widget-tinymce textwidget\">\n\t<p><img decoding=\"async\" loading=\"lazy\" src=\"http:\/\/www.le-coq.net\/energetix\/wp-content\/uploads\/2016\/01\/coeur_1.jpg\" alt=\"coeur_1\" width=\"238\" height=\"212\" \/><\/p>\n<\/div>\n<\/div><\/div><\/div><\/div><div id=\"pgc-105-8-1\"  class=\"panel-grid-cell\" ><div id=\"panel-105-8-1-0\" class=\"so-panel widget widget_sow-editor panel-first-child panel-last-child\" data-index=\"20\" ><div class=\"panel-widget-style panel-widget-style-for-105-8-1-0\" ><div\n\t\t\t\n\t\t\tclass=\"so-widget-sow-editor so-widget-sow-editor-base\"\n\t\t\t\n\t\t>\n<div class=\"siteorigin-widget-tinymce textwidget\">\n\t<p><img decoding=\"async\" loading=\"lazy\" src=\"http:\/\/www.le-coq.net\/energetix\/wp-content\/uploads\/2016\/01\/stick.png\" alt=\"stick\" width=\"192\" height=\"176\" \/><\/p>\n<\/div>\n<\/div><\/div><\/div><\/div><div id=\"pgc-105-8-2\"  class=\"panel-grid-cell\" ><div id=\"panel-105-8-2-0\" class=\"so-panel widget widget_sow-editor panel-first-child panel-last-child\" data-index=\"21\" ><div class=\"panel-widget-style panel-widget-style-for-105-8-2-0\" ><div\n\t\t\t\n\t\t\tclass=\"so-widget-sow-editor so-widget-sow-editor-base\"\n\t\t\t\n\t\t>\n<div class=\"siteorigin-widget-tinymce textwidget\">\n\t<p><img decoding=\"async\" loading=\"lazy\" src=\"http:\/\/www.le-coq.net\/energetix\/wp-content\/uploads\/2016\/01\/bracelet.jpg\" alt=\"\" width=\"225\" height=\"225\" \/><\/p>\n<\/div>\n<\/div><\/div><\/div><\/div><div id=\"pgc-105-8-3\"  class=\"panel-grid-cell\" ><div id=\"panel-105-8-3-0\" class=\"so-panel widget widget_sow-editor panel-first-child panel-last-child\" data-index=\"22\" ><div class=\"panel-widget-style panel-widget-style-for-105-8-3-0\" ><div\n\t\t\t\n\t\t\tclass=\"so-widget-sow-editor so-widget-sow-editor-base\"\n\t\t\t\n\t\t>\n<div class=\"siteorigin-widget-tinymce textwidget\">\n\t<p><img decoding=\"async\" loading=\"lazy\" src=\"http:\/\/www.le-coq.net\/energetix\/wp-content\/uploads\/2016\/01\/semelle-149x300.jpg\" alt=\"\" width=\"149\" height=\"300\" \/><\/p>\n<\/div>\n<\/div><\/div><\/div><\/div><\/div><\/div>","protected":false},"excerpt":{"rendered":"<p>Chaque bijou poss\u00e8de 2 aimants de 0,12 ou 0,18 ou 0,22 Tesla.Les Tesla indiquent les lignes de forces magn\u00e9tiques qui traversent un cm\u00b2.1 Tesla est \u00e9gal \u00e0 1000 Gauss. Ce sont des aimants n\u00e9odymes qui ne se d\u00e9chargent pas, ils sont fabriqu\u00e9s industriellement et ils sont permanents, ils ne perdent que 1 % de leur &hellip; <a href=\"https:\/\/www.le-coq.net\/energetix\/le-produit\/\" class=\"more-link\">Continuer la lecture de <span class=\"screen-reader-text\">Le produit<\/span> <span class=\"meta-nav\">&rarr;<\/span><\/a><\/p>\n","protected":false},"author":1,"featured_media":0,"parent":0,"menu_order":0,"comment_status":"closed","ping_status":"closed","template":"","meta":[],"acf":[],"yoast_head":"<!-- This site is optimized with the Yoast SEO plugin v20.5 - https:\/\/yoast.com\/wordpress\/plugins\/seo\/ -->\n<title>Le produit &bull; Energetix<\/title>\n<meta name=\"robots\" content=\"index, follow, max-snippet:-1, max-image-preview:large, max-video-preview:-1\" \/>\n<link rel=\"canonical\" href=\"https:\/\/www.le-coq.net\/energetix\/le-produit\/\" \/>\n<meta property=\"og:locale\" content=\"fr_FR\" \/>\n<meta property=\"og:type\" content=\"article\" \/>\n<meta property=\"og:title\" content=\"Le produit &bull; Energetix\" \/>\n<meta property=\"og:description\" content=\"Chaque bijou poss\u00e8de 2 aimants de 0,12 ou 0,18 ou 0,22 Tesla.Les Tesla indiquent les lignes de forces magn\u00e9tiques qui traversent un cm\u00b2.1 Tesla est \u00e9gal \u00e0 1000 Gauss. Ce sont des aimants n\u00e9odymes qui ne se d\u00e9chargent pas, ils sont fabriqu\u00e9s industriellement et ils sont permanents, ils ne perdent que 1 % de leur &hellip; Continuer la lecture de Le produit &rarr;\" \/>\n<meta property=\"og:url\" content=\"https:\/\/www.le-coq.net\/energetix\/le-produit\/\" \/>\n<meta property=\"og:site_name\" content=\"Energetix\" \/>\n<meta property=\"article:publisher\" content=\"http:\/\/veronic20le20coq\" \/>\n<meta property=\"article:modified_time\" content=\"2016-02-16T08:08:27+00:00\" \/>\n<meta property=\"og:image\" content=\"http:\/\/www.le-coq.net\/energetix\/wp-content\/uploads\/2016\/01\/aimant_1.png\" \/>\n<meta name=\"twitter:card\" content=\"summary_large_image\" \/>\n<meta name=\"twitter:site\" content=\"@Veronic_LE_COQ\" \/>\n<meta name=\"twitter:label1\" content=\"Dur\u00e9e de lecture estim\u00e9e\" \/>\n\t<meta name=\"twitter:data1\" content=\"2 minutes\" \/>\n<script type=\"application\/ld+json\" class=\"yoast-schema-graph\">{\"@context\":\"https:\/\/schema.org\",\"@graph\":[{\"@type\":\"WebPage\",\"@id\":\"https:\/\/www.le-coq.net\/energetix\/le-produit\/\",\"url\":\"https:\/\/www.le-coq.net\/energetix\/le-produit\/\",\"name\":\"Le produit &bull; Energetix\",\"isPartOf\":{\"@id\":\"https:\/\/www.le-coq.net\/energetix\/#website\"},\"datePublished\":\"2016-01-12T10:35:41+00:00\",\"dateModified\":\"2016-02-16T08:08:27+00:00\",\"breadcrumb\":{\"@id\":\"https:\/\/www.le-coq.net\/energetix\/le-produit\/#breadcrumb\"},\"inLanguage\":\"fr-FR\",\"potentialAction\":[{\"@type\":\"ReadAction\",\"target\":[\"https:\/\/www.le-coq.net\/energetix\/le-produit\/\"]}]},{\"@type\":\"BreadcrumbList\",\"@id\":\"https:\/\/www.le-coq.net\/energetix\/le-produit\/#breadcrumb\",\"itemListElement\":[{\"@type\":\"ListItem\",\"position\":1,\"name\":\"Accueil\",\"item\":\"https:\/\/www.le-coq.net\/energetix\/\"},{\"@type\":\"ListItem\",\"position\":2,\"name\":\"Le produit\"}]},{\"@type\":\"WebSite\",\"@id\":\"https:\/\/www.le-coq.net\/energetix\/#website\",\"url\":\"https:\/\/www.le-coq.net\/energetix\/\",\"name\":\"Energetix\",\"description\":\"La magie du BIEN-ETRE\",\"potentialAction\":[{\"@type\":\"SearchAction\",\"target\":{\"@type\":\"EntryPoint\",\"urlTemplate\":\"https:\/\/www.le-coq.net\/energetix\/?s={search_term_string}\"},\"query-input\":\"required name=search_term_string\"}],\"inLanguage\":\"fr-FR\"}]}<\/script>\n<!-- \/ Yoast SEO plugin. -->","yoast_head_json":{"title":"Le produit &bull; Energetix","robots":{"index":"index","follow":"follow","max-snippet":"max-snippet:-1","max-image-preview":"max-image-preview:large","max-video-preview":"max-video-preview:-1"},"canonical":"https:\/\/www.le-coq.net\/energetix\/le-produit\/","og_locale":"fr_FR","og_type":"article","og_title":"Le produit &bull; Energetix","og_description":"Chaque bijou poss\u00e8de 2 aimants de 0,12 ou 0,18 ou 0,22 Tesla.Les Tesla indiquent les lignes de forces magn\u00e9tiques qui traversent un cm\u00b2.1 Tesla est \u00e9gal \u00e0 1000 Gauss. Ce sont des aimants n\u00e9odymes qui ne se d\u00e9chargent pas, ils sont fabriqu\u00e9s industriellement et ils sont permanents, ils ne perdent que 1 % de leur &hellip; Continuer la lecture de Le produit &rarr;","og_url":"https:\/\/www.le-coq.net\/energetix\/le-produit\/","og_site_name":"Energetix","article_publisher":"http:\/\/veronic20le20coq","article_modified_time":"2016-02-16T08:08:27+00:00","og_image":[{"url":"http:\/\/www.le-coq.net\/energetix\/wp-content\/uploads\/2016\/01\/aimant_1.png"}],"twitter_card":"summary_large_image","twitter_site":"@Veronic_LE_COQ","twitter_misc":{"Dur\u00e9e de lecture estim\u00e9e":"2 minutes"},"schema":{"@context":"https:\/\/schema.org","@graph":[{"@type":"WebPage","@id":"https:\/\/www.le-coq.net\/energetix\/le-produit\/","url":"https:\/\/www.le-coq.net\/energetix\/le-produit\/","name":"Le produit &bull; Energetix","isPartOf":{"@id":"https:\/\/www.le-coq.net\/energetix\/#website"},"datePublished":"2016-01-12T10:35:41+00:00","dateModified":"2016-02-16T08:08:27+00:00","breadcrumb":{"@id":"https:\/\/www.le-coq.net\/energetix\/le-produit\/#breadcrumb"},"inLanguage":"fr-FR","potentialAction":[{"@type":"ReadAction","target":["https:\/\/www.le-coq.net\/energetix\/le-produit\/"]}]},{"@type":"BreadcrumbList","@id":"https:\/\/www.le-coq.net\/energetix\/le-produit\/#breadcrumb","itemListElement":[{"@type":"ListItem","position":1,"name":"Accueil","item":"https:\/\/www.le-coq.net\/energetix\/"},{"@type":"ListItem","position":2,"name":"Le produit"}]},{"@type":"WebSite","@id":"https:\/\/www.le-coq.net\/energetix\/#website","url":"https:\/\/www.le-coq.net\/energetix\/","name":"Energetix","description":"La magie du BIEN-ETRE","potentialAction":[{"@type":"SearchAction","target":{"@type":"EntryPoint","urlTemplate":"https:\/\/www.le-coq.net\/energetix\/?s={search_term_string}"},"query-input":"required name=search_term_string"}],"inLanguage":"fr-FR"}]}},"_links":{"self":[{"href":"https:\/\/www.le-coq.net\/energetix\/wp-json\/wp\/v2\/pages\/105"}],"collection":[{"href":"https:\/\/www.le-coq.net\/energetix\/wp-json\/wp\/v2\/pages"}],"about":[{"href":"https:\/\/www.le-coq.net\/energetix\/wp-json\/wp\/v2\/types\/page"}],"author":[{"embeddable":true,"href":"https:\/\/www.le-coq.net\/energetix\/wp-json\/wp\/v2\/users\/1"}],"replies":[{"embeddable":true,"href":"https:\/\/www.le-coq.net\/energetix\/wp-json\/wp\/v2\/comments?post=105"}],"version-history":[{"count":41,"href":"https:\/\/www.le-coq.net\/energetix\/wp-json\/wp\/v2\/pages\/105\/revisions"}],"predecessor-version":[{"id":334,"href":"https:\/\/www.le-coq.net\/energetix\/wp-json\/wp\/v2\/pages\/105\/revisions\/334"}],"wp:attachment":[{"href":"https:\/\/www.le-coq.net\/energetix\/wp-json\/wp\/v2\/media?parent=105"}],"curies":[{"name":"wp","href":"https:\/\/api.w.org\/{rel}","templated":true}]}}